= 2*w - w - 5*l - 13. Suppose 5*i - w*i = 5806. Is i a prime number?
True
Let q(b) = -18705*b + 156. Is q(-3) a prime number?
False
Let a be -1*2*(-26)/(-13). Is (-16)/a - (-33 + 0) prime?
True
Let o = 12 + -8. Suppose -o*r + 11 = 3. Suppose 43 = r*y - 475. Is y a composite number?
True
Is ((-4471)/(-2))/(6 - 77/14) composite?
True
Suppose 0 = 2*m + 10, -5*n + 31709 = -5*m + 2114. Is n composite?
True
Let k(n) be the third derivative of n**4/12 + 25*n**3/6 + 2*n**2. Let i be k(-11). Suppose -5 = 5*f - 0, d = i*f + 130. Is d prime?
True
Let p be (-2 - -2)*(-4)/(-12) - -7587. Is p/36 - (-1)/4 a composite number?
False
Let y be 1 + 3*-1 - (27 - 25). Is -4 + 2201 - (y - -2) prime?
False
Suppose 69*h = 64*h + 109955. Is h a prime number?
True
Let f(s) = -2*s**3 - 18*s**2 + s + 12. Let h be f(-9). Suppose 0 = -5*d + h*m + 25150, -m = m + 10. Is d a prime number?
False
Let s(z) = -z**2 - 9*z - 1. Let w be s(-8). Let h(d) = 46*d - 9. Let j be h(w). Suppose 5*x - 3*a - 810 = 0, 2*x - 2*a = -3*a + j. Is x composite?
True
Let p be ((-1252)/(-6) + 2)*90/24. Suppose -5*m + 5*h = -p, 0*m - 3*m - 4*h = -495. Is m prime?
False
Let a be (2 - (-4 + 1))/1. Suppose 0 = 2*v - 3*m - 185, -v - 4*m - 22 + 98 = 0. Let g = v - a. Is g a composite number?
False
Suppose 28554 = 21*x - 15*x. Is x a composite number?
False
Is (-11 - 4643/(-2))/(2/4) a prime number?
True
Suppose 2 = 9*b - 10*b. Is (-139)/b + 8/(-16) a composite number?
True
Let j(f) = -f**2 - f + 2. Let w be j(3). Is (-21534)/w - 16/40 a composite number?
False
Let o(f) = -f**3 - 13*f**2 + 9*f - 18. Let l be o(-11). Is (l/4)/((-4)/48) a composite number?
True
Let r(h) = 137*h**2 - 6*h - 1. Let g be r(-4). Suppose -t - 4*t = -g. Is t composite?
False
Let m = -71 - -69. Is (6/m)/(3/(-34)) a prime number?
False
Let x(q) be the third derivative of -1/8*q**4 - 5*q**2 + 347/6*q**3 + 0*q + 0. Is x(0) composite?
False
Is ((-6810)/40)/(-4 + 173/44) a composite number?
True
Suppose -3*p + 4*p - 4 = 0. Let t(u) = 93*u**2 + 7*u - 5. Let l be t(p). Suppose -5*k = 3*v - l, -4*k - 481 = -3*v + 2*v. Is v prime?
False
Let o(f) = 3*f + 2. Let d be o(-2). Let v(q) = -q. Let c(y) = y**2 - 9*y - 1. Let h(w) = c(w) - 5*v(w). Is h(d) prime?
True
Let u(f) = 13*f**2 - 2*f - 28. Is u(-15) a composite number?
False
Suppose 8 = -5*s - 17. Let t be 8/s*100/40. Is (127/(-4) - -3)*t prime?
False
Let w(l) = 6*l + 42. Let x(f) = 6*f + 43. Let h(n) = -4*w(n) + 5*x(n). Is h(6) prime?
True
Let g(t) = -3*t**3 - 20*t**2 - 20*t + 1. Is g(-12) a prime number?
False
Let q = -36021 - -61910. Is q composite?
False
Let c(o) = o**2 + o - 1. Let f(r) = 3*r**2 + 7*r + 1. Let d(w) = 4*c(w) - f(w). Let y = -25 + 18. Is d(y) a prime number?
False
Suppose 0 = p, -2*p = 5*o + 3*p - 45. Suppose -o*g - 5 = -23. Suppose -2*l - 1782 = -2*i, 4449 = 3*i + g*i - 2*l. Is i a prime number?
False
Let j = -87 - -143. Let c be j/9 + 6/(-27). Is (6/9)/(c/1719) a prime number?
True
Let t(q) = -26*q**3 + q**2 + 6*q + 8. Is t(-3) composite?
False
Suppose -15*n + 3*c = -11*n - 3188, -2*n = -3*c - 1594. Is n a prime number?
True
Suppose 3*g - 8*g - 3*b = -50191, -4 = -2*b. Is g composite?
False
Let g(k) = 2*k**3 + 17*k**2 - 27*k - 37. Is g(15) prime?
True
Let s = -10482 - -21425. Is s a prime number?
False
Suppose -3*a + 3*z = -6, -5*z = -4*a + 2*a - 5. Suppose -c + 5*c = 3*g - 1289, a*c + 1588 = -4*g. Let v = 481 + c. Is v a composite number?
True
Is (0 - -13317) + (-16 - -22) a prime number?
False
Suppose 0 = -0*q - q + 1, 1971 = -4*s - 5*q. Let x = -921 - s. Let g = -300 - x. Is g composite?
False
Is 2/1 - (54 + -35331) prime?
True
Let r = 300 - 152. Let q = r + 553. Is q a prime number?
True
Suppose -5*s + 29 = v, -v + 7*s = 5*s - 1. Suppose -3*r = -v*r + 2478. Is r a composite number?
True
Suppose 0 = -10*j + 9*j + 2. Is ((-3054)/(-4))/(9/21)*j a composite number?
True
Let o(t) be the second derivative of -247*t**3/6 + 7*t**2 - 9*t. Is o(-5) prime?
True
Let o(y) = -y**3 + 14*y**2 - 13*y + 3. Let r = 22 - 9. Let k be o(r). Is ((-9)/k)/(2/(-22)) prime?
False
Let g = 9779 - 6018. Is g prime?
True
Let t(o) = -108*o - 7 + 23 - 1. Is t(-7) a composite number?
True
Suppose -35*m = -39*m + 16172. Is m prime?
False
Let v(n) = 396*n - 161. Is v(26) a composite number?
True
Let d = 4790 + -2929. Is d a composite number?
False
Suppose 11*x = 21*x + 50. Let u(j) be the first derivative of -21*j**2/2 + 6*j + 1. Is u(x) a composite number?
True
Let z be 3/18*4 - (-78)/18. Suppose -l - y + 217 = l, 0 = z*l + 5*y - 540. Is l a composite number?
False
Let r(m) be the first derivative of -33*m**2 + m + 12. Is r(-5) a composite number?
False
Suppose 3*u + 990 = 3*o, -5*o + 4*o + 330 = 5*u. Let q = 709 - o. Is q composite?
False
Suppose 6 = -c + 3*c. Suppose 0 = 5*j - 2*t - 168, -j + 44 = c*t + 7. Is j a composite number?
True
Let k(v) = 99 - 106 + v - 20*v**3 - 5*v**2 - 6*v. Is k(-5) prime?
True
Let g = -3 - -17. Suppose -x + g = x. Is 4/(-7) + 2321/x a composite number?
False
Let r(s) = -2*s**2 - 2*s + 7. Suppose -5*v = -10*v + 25. Let p be r(v). Let q = 382 + p. Is q a composite number?
True
Suppose -19 + 37 = 6*r. Let t = -4 - -9. Suppose -t*k + 152 = r*b, -5*k + 0*b = 2*b - 153. Is k prime?
True
Is 22694/(-4)*(-18)/63 a prime number?
True
Suppose -3*s + 8 = 3*x + x, 5*s + 2*x = 32. Suppose -s*v = 2*v - 210. Is v a composite number?
True
Is ((-34984)/32)/(5/(-40)) a prime number?
False
Is 1/34*16290 + (-8)/68 a composite number?
False
Suppose 0 = -p - 4*p + 1395. Suppose -2*y + p = 5*t - 2436, 5*t + 3*y - 2720 = 0. Is t a composite number?
False
Let n = 143 - 452. Let y = n - -811. Is y a composite number?
True
Let l(y) = -y**3 - y**2 - y - 1. Let d(f) = 2*f**3 - 4*f**2 - 15*f - 8. Let h(b) = -d(b) + 3*l(b). Is h(-6) a composite number?
False
Suppose 18*g + 3*g = 235515. Is g a prime number?
False
Let f(j) = -120*j + 427. Is f(-40) a composite number?
False
Is (-81414)/(-14) - ((-459)/(-63) - 7) prime?
False
Let x be 8/(-28) - (-74)/14. Suppose 3*o + 0 = 4*i + 20, -x*o + 25 = -5*i. Suppose c - 113 = -o*c. Is c a composite number?
False
Is (5517 - -2)/((-1)/(-7)*7) prime?
True
Suppose h + h + 5*d - 17 = 0, -3*d - 36 = -3*h. Let y be (h + -14)*(-11)/3. Suppose 20 = b - y. Is b a prime number?
True
Suppose -6 = -0*a - 2*a, -3*a - 4356 = -5*w. Suppose -2*d + w + 297 = 0. Let f = -328 + d. Is f a composite number?
False
Let d(y) = -y**3 + 14*y**2 - 16*y + 4. Is d(7) prime?
False
Let n(k) = 714*k**3 - 6*k**2 + 4*k - 3. Let z(w) = -713*w**3 + 7*w**2 - 5*w + 4. Let i(y) = 5*n(y) + 4*z(y). Is i(1) a composite number?
True
Suppose 0 = j + 1. Let p be (-20 - -5)*j/3. Suppose p*y - 48 = 397. Is y a prime number?
True
Suppose -309 = 4*k + 199. Let r be (-54)/(-12)*508/3. Let t = k + r. Is t a prime number?
False
Suppose -5*x = 2*b - 2886 - 7472, 0 = -3*b + 2*x + 15537. Is b a prime number?
True
Let a(j) = 7903*j - 18. Let s be a(4). Let t = 53875 - s. Is (4/(-6))/((-14)/t) composite?
False
Let j = 22 - 18. Suppose l - 73 = -j*k, -l + 3*k + 201 = l. Suppose l = z + 2*z. Is z prime?
True
Suppose 26 = 4*y - 42. Suppose q + 2 = -5*u + y, 3*q - 5 = 5*u. Suppose -3*f + f + u*r = -1782, -f - 2*r = -885. Is f prime?
False
Let n(g) = g**2 - 6*g - 2. Let c be n(7). Suppose 894 - 147 = c*j - 2*l, -4*j + l = -597. Is j a prime number?
True
Let c = 51 + 246. Suppose -2*v + c = 2*j - 1485, 3*j = 3*v + 2667. Suppose -445 = -2*u + u - 2*p, 2*u = 3*p + j. Is u prime?
False
Let r = 1161 + -422. Suppose 4 = 4*u, t = 5*t + u + r. Let z = -106 - t. Is z a composite number?
False
Let u(m) = 22*m**2 + 5*m + 14. Let g = 26 + -33. Let i be u(g). Suppose 3*p + w = i, 4*p - p = -3*w + 1053. Is p a composite number?
False
Is -2233*(235/(-35) + 5) + 5 a prime number?
True
Suppose 2*j - 6 = -0. Let f(n) = 3*n**3 + 15*n**2 - 16*n - 9. Let k(l) = -2*l**3 - 15*l**2 + 16*l + 8. Let z(g) = j*f(g) + 4*k(g). Is z(14) composite?
True
Is -623*(1 - -1)/(13 + -15) a prime number?
False
Suppose 5*t = -5*r + 300, 0 = -r - 4*t - 15 + 84. Suppose -4*l - r = w, -l + 4*w = -5*l - 48. Let p(a) = -a**2 - 15*a + 11. Is p(l) composite?
False
Suppose 0 = 4*k + 382 + 42. Let j = 15 - k. Is j a composite number?
True
Is (-1)/(167932/55978 - (-3)/(-1)) prime?
False
Let i(q) = -3*q**2 - q + 29. Let o be i(12). Let y = o - -648. Is y a composite numbe